is d(w)?
2
Let d(n) = -19*n**2 - 32*n. Let c(f) = 3*f**2 + 4*f. Let u(t) = 40*c(t) + 5*d(t). Calculate u(-1).
25
Let s(j) = -10*j**2 - j. Suppose -19 = -2*p + 5*d, 5*d = 5*p - 0*d - 40. Suppose 4*v + p = -k, -5*v = -5*k - v + 13. Suppose 0*x - k = -x. Give s(x).
-11
Let m(c) = -6*c - 1. Let g be -2 + (-38)/(-6) + (-8)/(-12). Let i(o) = -o**2 + 8*o - 6. Let n be i(g). Let f be (-4)/3*n/(-6). Calculate m(f).
-13
Let n be 2/12 + (-51)/(-18). Suppose 0 = n*l - 32 + 11. Suppose -3*y = 3, y - l + 2 = 2*c. Let f(b) = b**3 + 4*b**2 - b - 1. Calculate f(c).
11
Suppose -47 = 10*f - 87. Let i be (40/(-25))/(f/(-80)*2). Let u(o) = -o**3 + 15*o**2 + 16*o - 6. Give u(i).
-6
Suppose -5*o = -4*j - 7, -3*o - 3 = -4*j - 4. Suppose 15 = o*w + 36. Let c(m) = m - 8*m - 8 + 47*m**2 - 48*m**2. What is c(w)?
-8
Suppose 298*x + 669 = -821. Let l(r) = r**2 - 4*r - 40. What is l(x)?
5
Let t(y) = -y**2 + 13*y - 16. Let l be ((-39)/91 + 0)*-21. What is t(l)?
20
Let s(y) = 0*y**3 + 0*y - 5*y**2 + y + 2*y + y**3. Let t be (-4)/18 - (-266)/63. Give s(t).
-4
Let h(t) = -3*t - 5. Let q(i) = 2*i**2 + 20*i - 20. Let v be q(-11). Suppose v = -2*o, 3*l - 4*l + 11 = -4*o. What is h(l)?
-26
Suppose -124 = 4*j + 5*h + 75, 0 = -5*j - 4*h - 260. Let z = j + 55. Let g(m) = m - 1. Let i(s) = 2*s + 1. Let l(t) = z*i(t) + 3*g(t). Give l(-5).
-9
Let t(d) = -13*d - 216. Let l = 2828 - 2845. Determine t(l).
5
Let p(d) = -d**2 + 5*d + 2. Let h(w) = w**2 - 24*w - 10. Let v(q) = -h(q) - 5*p(q). Determine v(3).
33
Let x(s) = 2*s + 13. Let l = 138 + -139. Let v be (3/l)/(21/42). Give x(v).
1
Let m(w) be the third derivative of -2 + 1/4*w**4 - 33*w**2 - 1/6*w**3 + 1/60*w**5 + 0*w. Determine m(-5).
-6
Suppose 336*n - 700 = -14*n. Let m(t) be the first derivative of t - 38 + 17/2*t**n. What is m(-1)?
-16
Suppose 3*q = 5*b - 56, -4*q + 32 = 2*b - 2*q. Suppose -b*v = 86 - 34. Let f(u) = u**2 + 2*u - 7. What is f(v)?
1
Suppose -3*u + 4*u - 6 = 0. Let w(k) be the second derivative of 25*k - k**2 + 1/12*k**4 + 0 - 5/6*k**3. Determine w(u).
4
Let i = -375 - -384. Let x(t) = 3689 + i*t + t**2 - 1847 - 1841. What is x(-6)?
-17
Let p(h) = -h**2 + 13*h - 26. Suppose 51*a - 335 = -16*a. Determine p(a).
14
Let a(p) = p - 15. Let m(k) = 5*k + 6*k**2 - 2*k**3 - 4 - 4*k - 8*k + k**3. Let w be m(4). What is a(w)?
-15
Let x(o) = -9*o**2 - 12. Suppose 18*d + 55 - 157 = -16*d. What is x(d)?
-93
Let h(l) = l**2 - 14*l + 37. Let u be 4/28 - 12408/(-2618) - 2/(-17). What is h(u)?
-8
Let z = -2372 + 2376. Let m(b) = b**3 - 2*b**2 - 5*b + 4. Give m(z).
16
Let n = 26 - 23. Suppose -n = c + 5*d, d + 3 = c - 0. Let y(z) = -6 - 5*z**c - 3*z**2 - 28*z**3 + 29*z**3 + 9*z - 2*z**2. Calculate y(9).
-6
Suppose 2*d + 32*y - 37 = 27*y, -4*d + 116 = -4*y. Let v(m) = -m**3 + 23*m**2 + 79*m - 32. Calculate v(d).
-6
Let n(x) = -2 + 3*x - 1 - 4*x**2 + 3*x**2. Let j(s) = -s**3 + 6*s**2 + 4*s - 23. Let l be j(5). Let c = l + -17. What is n(c)?
-13
Let b(h) be the first derivative of -17*h**7/840 + h**5/120 + 19*h**3/3 - h + 94. Let c(r) be the third derivative of b(r). Calculate c(-1).
16
Let o = -116675 + 116669. Suppose -3*i + 0*i + 6 = 0. Let c(l) = 9 + 7*l + 6*l + l**i - 2*l. What is c(o)?
-21
Suppose 0 = -3*s + 2*d + 8, -d + 2*d + 7 = 3*s. Let a = -2 + 11. Let y be s*(a/(-2) + 3). Let x(c) = -c**3 - 4*c**2 - 3*c. Give x(y).
0
Let i(a) = 4*a - 5. Let s(k) = 23*k**2 - 14*k - 33. Let f be s(-5). Let r = 616 - f. Determine i(r).
11
Let w(j) = -j - 23. Let m = -43 - -20. Let f be w(m). Let u(y) = y**2 + y - 25. Give u(f).
-25
Let g = -5 - -9. Suppose -13 = -g*v + 5*z, -v - 2*z = -4*z - 4. Let m(t) be the first derivative of -2*t**3/3 - t**2/2 - 2*t + 239. What is m(v)?
-12
Suppose -4 = 55*t - 56*t. Suppose 5*k = u + 26, -4*u - 2*k - 3*k = t. Let x(i) = i + 13. Determine x(u).
7
Let o(j) be the second derivative of j**5/20 - 11*j**4/12 - 4*j**3/3 - 27*j**2 + 2180*j. Determine o(12).
-6
Let d(m) = -m**2 - 4*m + 5. Let o(f) = 8*f - 3. Let a(c) = c + 1. Let u(k) = a(k) + o(k). Let r be u(-2). Let l = r - -16. Determine d(l).
5
Let p = 3111 + -3109. Let r(a) be the second derivative of 0 - 2*a**p - 1/3*a**3 - 8*a. Calculate r(-4).
4
Suppose 0*m - 3*m = -24. Let y(u) be the first derivative of -76 + 0*u**2 - 8/3*u**3 + u + 1/4*u**4. Calculate y(m).
1
Let q = 1930 - 1935. Let t(a) = -a**3 - 4*a**2 + 10*a - 3. Calculate t(q).
-28
Let f(c) = -7*c + 253. Let o be f(36). Let p(g) = 16*g + 1. What is p(o)?
17
Let a(p) = -19 - 42607*p + 12 + 42610*p. Determine a(9).
20
Let v(f) = -f**2 - 15041*f + f**3 - 15*f**2 + 4 + 15057*f. What is v(15)?
19
Suppose 0 = 5*y + d - 46, 0 = 3*y + d - 0*d - 26. Let j(s) = 5*s - y - 9*s + 5*s. Calculate j(9).
-1
Suppose 3*r - 6*r = 5*i - 379, 0 = i + 1. Let m be ((-12)/(-11))/6 + r/22. Let c(k) = -k**3 + 6*k**2 - 2*k + 7. What is c(m)?
-5
Let b(v) = v**3 - 20*v**2 - 44*v + 9. Let r = 17804 - 17782. Calculate b(r).
9
Let i(j) be the third derivative of -5*j**4/24 + j**3/6 - 2*j**2 - 127*j. Let c = -22 + 22. Suppose 11 = -3*r + 2*t, -5*t = -c*t - 20. What is i(r)?
6
Let l(o) = 9*o**2 + 8*o**2 + 15*o**2 - o**3 - 3 + 11*o - 24*o**2. Give l(9).
15
Let n(d) = -d + 3. Let b(x) = -2*x**2 - 60*x - 28. Let o be b(-18). Suppose -o*q = -402*q. Give n(q).
3
Suppose 2*c - 3*p = 7, 0*c + 5*p - 10 = -c. Suppose a = 6*a + c. Let x(h) = 0 - 1 + 3 - 1 - 18*h. Calculate x(a).
19
Let l(j) = -32 + 2*j + 11 - 14*j + 2 - 16. Give l(-10).
85
Let g(c) = -4*c**3 - 12*c + 2. Let w(l) = l**3 + 10*l**2 - 18*l - 82. Let x be w(-11). Let n(k) = k**3 - k**2 + k. Let j(s) = x*n(s) - g(s). Determine j(6).
4
Let f(u) = -u**3 - 3*u**2 - 282*u - 1811. Let p be f(-6). Let l(y) = -7*y**2 - 81*y - 43. Calculate l(p).
1
Suppose 13*w - 18*w + v = -15, 0 = 4*w - 3*v - 23. Let a(p) = -2*p**2 + 4*p - 4. Determine a(w).
-4
Let w(o) = -o**2 + 3*o - 1. Suppose 0 = -14*h + 5*h + 117. Suppose 4*g - 3*g - 3 = 0. Suppose -2*x - p + 4*p = h, -17 = g*x - 4*p. Give w(x).
1
Suppose 0 = 5*r - 15, m - 4*r - 1223 = -4*m. Let n = -88 + m. Suppose -n*w - 35 = -154*w. Let k(t) = -t**2 - 7*t - 2. Determine k(w).
-2
Suppose -300 = 2*m + 4*m. Let b be (-2)/10 - 110/m. Let s(o) = -1 - b*o - 7*o + 12*o. Determine s(-2).
-7
Let a(p) = -p**2 + 17*p - 26. Let v = -48 - -102. Suppose 17*j - 13*j + 2*d = v, -5*j + 72 = d. Give a(j).
4
Suppose -140 + 122 = 2*f. Let i(t) be the first derivative of -t**2/2 + 5*t + 175. Determine i(f).
14
Suppose -30 = -7*f + f. Let s(l) be the second derivative of -5*l**3/6 + l**2 + 6*l. Let o(j) = 1. Let u(i) = 3*o(i) + s(i). Determine u(f).
-20
Let c(o) = o - 14. Let g be c(10). Let h(x) be the third derivative of -x**6/120 - x**5/12 - x**4/24 - 2*x**3/3 - 395*x**2. Determine h(g).
-16
Let b(p) = p**3 - 24*p**2 + p - 14. Let h = -4267 - -4291. Calculate b(h).
10
Let s = 13209 + -13205. Let m(r) = 3*r**2 - 5*r + 5. Calculate m(s).
33
Let l be 76/304 - 15/(-4). Let o(w) = -2*w + 15. Determine o(l).
7
Let u be (13/1)/(-52) + 37/4. Suppose 7 = u*f + 16. Let k(o) = -2*o**2 + 2*o. Calculate k(f).
-4
Let l(n) = 13*n + 1. Let f(i) = i**2 - 2*i - 168. Let w be f(14). Let p(a) be the third derivative of a**4/12 + a**3/6 - a**2. Let o be p(w). What is l(o)?
14
Suppose -54*w = -0*w - 270. Let m(a) = -a - 19. Calculate m(w).
-24
Suppose 2332*h = 4696*h - 2338*h. Let m(v) = -v**2 - 35. Determine m(h).
-35
Let q(t) be the second derivative of -t**3/6 - 3*t**2/2 - t. Suppose 3*k = -9, -7*z + 3*k - 276 = -6*z. Let w = z + 281. Calculate q(w).
1
Let g(y) = 7*y + 38. Suppose 74*v + 49*v - 321 = 294. Give g(v).
73
Let t(j) = j**3 + 13*j**2 + 14*j + 28. Suppose 55 = -6*p - 17. Let z be t(p). Let q(i) = -5*i - 3*i**2 + 3*i**2 - 3*i**2 - i**3 - z + 11*i**2. Determine q(7).
10
Let j = 20 + -18. Let s(l) = -8*l**2 + 7*l + 4. Let y(t) = 4*t**2 - 4*t - 2. Let w(r) = 3*s(r) + 5*y(r). What is w(j)?
-12
Let n(v) be the third derivative of 2*v**2 + 0*v - 1/24*v**4 + 1/4*v**5 + 51 + 0*v**3. Give n(1).
14
Let f(v) = -v**2 + 7*v - 2. Let b be (-2)/(-2)*(-16 - 1). Let t = b - -17. Let h be 12/(-8)*(t + -2). What is f(h)?
10
Let t(d) = -9*d - 2*d**2 + 12*d - 4*d - 15 - 15*d. What is t(-1)?
-1
Let h(v) = -3*v - 6. Let w be (-1 + 0)/((17 - 32) + 16). What is h(w)?
-3
Let m(s) = -7*s + 39. Suppose -5*q = 3*c + 25, -5*c + 5*q - 151 = 27*q. Determine m(c).
4
Let b(d) = 3*d**2 + 18*d - 2. Suppose 4